[INFO] fetching crate imagevault 0.1.10...
[INFO] checking imagevault-0.1.10 against try#72f88fc4e9458f89516a0b8b0868f3718aec5b47 for pr-74989
[INFO] extracting crate imagevault 0.1.10 into /workspace/builds/worker-12/source
[INFO] validating manifest of crates.io crate imagevault 0.1.10 on toolchain 72f88fc4e9458f89516a0b8b0868f3718aec5b47
[INFO] running `Command { std: "/workspace/cargo-home/bin/cargo" "+72f88fc4e9458f89516a0b8b0868f3718aec5b47" "read-manifest" "--manifest-path" "Cargo.toml", kill_on_drop: false }`
[INFO] started tweaking crates.io crate imagevault 0.1.10
[INFO] finished tweaking crates.io crate imagevault 0.1.10
[INFO] tweaked toml for crates.io crate imagevault 0.1.10 written to /workspace/builds/worker-12/source/Cargo.toml
[INFO] running `Command { std: "/workspace/cargo-home/bin/cargo" "+72f88fc4e9458f89516a0b8b0868f3718aec5b47" "generate-lockfile" "--manifest-path" "Cargo.toml" "-Zno-index-update", kill_on_drop: false }`
[INFO] running `Command { std: "/workspace/cargo-home/bin/cargo" "+72f88fc4e9458f89516a0b8b0868f3718aec5b47" "fetch" "--locked" "--manifest-path" "Cargo.toml", kill_on_drop: false }`
[INFO] running `Command { std: "docker" "create" "-v" "/var/lib/crater-agent-workspace/builds/worker-12/target:/opt/rustwide/target:rw,Z" "-v" "/var/lib/crater-agent-workspace/builds/worker-12/source:/opt/rustwide/workdir:ro,Z" "-v" "/var/lib/crater-agent-workspace/cargo-home:/opt/rustwide/cargo-home:ro,Z" "-v" "/var/lib/crater-agent-workspace/rustup-home:/opt/rustwide/rustup-home:ro,Z" "-e" "SOURCE_DIR=/opt/rustwide/workdir" "-e" "CARGO_TARGET_DIR=/opt/rustwide/target" "-e" "CARGO_HOME=/opt/rustwide/cargo-home" "-e" "RUSTUP_HOME=/opt/rustwide/rustup-home" "-w" "/opt/rustwide/workdir" "-m" "1610612736" "--user" "0:0" "--network" "none" "rustops/crates-build-env@sha256:d92eaeed33fa75130ca1ee6c8a01d1ffb62bac859dfdfb3450e3e5d1c0146529" "/opt/rustwide/cargo-home/bin/cargo" "+72f88fc4e9458f89516a0b8b0868f3718aec5b47" "metadata" "--no-deps" "--format-version=1", kill_on_drop: false }`
[INFO] [stdout] 20607613c84fb5d190d29caa3c0f14b66cd965e784556f91daaf76a85066e097
[INFO] [stderr] WARNING: Your kernel does not support swap limit capabilities or the cgroup is not mounted. Memory limited without swap.
[INFO] running `Command { std: "docker" "start" "-a" "20607613c84fb5d190d29caa3c0f14b66cd965e784556f91daaf76a85066e097", kill_on_drop: false }`
[INFO] running `Command { std: "docker" "inspect" "20607613c84fb5d190d29caa3c0f14b66cd965e784556f91daaf76a85066e097", kill_on_drop: false }`
[INFO] running `Command { std: "docker" "rm" "-f" "20607613c84fb5d190d29caa3c0f14b66cd965e784556f91daaf76a85066e097", kill_on_drop: false }`
[INFO] [stdout] 20607613c84fb5d190d29caa3c0f14b66cd965e784556f91daaf76a85066e097
[INFO] running `Command { std: "docker" "create" "-v" "/var/lib/crater-agent-workspace/builds/worker-12/target:/opt/rustwide/target:rw,Z" "-v" "/var/lib/crater-agent-workspace/builds/worker-12/source:/opt/rustwide/workdir:ro,Z" "-v" "/var/lib/crater-agent-workspace/cargo-home:/opt/rustwide/cargo-home:ro,Z" "-v" "/var/lib/crater-agent-workspace/rustup-home:/opt/rustwide/rustup-home:ro,Z" "-e" "SOURCE_DIR=/opt/rustwide/workdir" "-e" "CARGO_TARGET_DIR=/opt/rustwide/target" "-e" "CARGO_INCREMENTAL=0" "-e" "RUST_BACKTRACE=full" "-e" "RUSTFLAGS=--cap-lints=forbid" "-e" "CARGO_HOME=/opt/rustwide/cargo-home" "-e" "RUSTUP_HOME=/opt/rustwide/rustup-home" "-w" "/opt/rustwide/workdir" "-m" "1610612736" "--user" "0:0" "--network" "none" "rustops/crates-build-env@sha256:d92eaeed33fa75130ca1ee6c8a01d1ffb62bac859dfdfb3450e3e5d1c0146529" "/opt/rustwide/cargo-home/bin/cargo" "+72f88fc4e9458f89516a0b8b0868f3718aec5b47" "check" "--frozen" "--all" "--all-targets" "--message-format=json", kill_on_drop: false }`
[INFO] [stdout] 0faaec6fef649119096352375488f25e12ad91181fcc86bb36f9c9c23fc22bb5
[INFO] [stderr] WARNING: Your kernel does not support swap limit capabilities or the cgroup is not mounted. Memory limited without swap.
[INFO] running `Command { std: "docker" "start" "-a" "0faaec6fef649119096352375488f25e12ad91181fcc86bb36f9c9c23fc22bb5", kill_on_drop: false }`
[INFO] [stderr]    Compiling autocfg v1.0.1
[INFO] [stderr]    Compiling proc-macro2 v1.0.21
[INFO] [stderr]    Compiling version_check v0.9.2
[INFO] [stderr]    Compiling serde v1.0.116
[INFO] [stderr]     Checking itoa v0.4.6
[INFO] [stderr]    Compiling pkg-config v0.3.18
[INFO] [stderr]     Checking fnv v1.0.7
[INFO] [stderr]    Compiling ryu v1.0.5
[INFO] [stderr]    Compiling maybe-uninit v2.0.0
[INFO] [stderr]    Compiling serde_json v1.0.57
[INFO] [stderr]    Compiling byteorder v1.3.4
[INFO] [stderr]     Checking futures-task v0.3.5
[INFO] [stderr]    Compiling rayon-core v1.8.0
[INFO] [stderr]     Checking either v1.6.0
[INFO] [stderr]     Checking regex-syntax v0.6.18
[INFO] [stderr]     Checking same-file v1.0.6
[INFO] [stderr]     Checking half v1.6.0
[INFO] [stderr]     Checking oorandom v11.1.2
[INFO] [stderr]     Checking tracing-core v0.1.16
[INFO] [stderr]     Checking thread_local v1.0.1
[INFO] [stderr]     Checking futures-channel v0.3.5
[INFO] [stderr]     Checking walkdir v2.3.1
[INFO] [stderr]     Checking itertools v0.9.0
[INFO] [stderr]     Checking http v0.2.1
[INFO] [stderr]     Checking memchr v2.3.3
[INFO] [stderr]     Checking log v0.4.11
[INFO] [stderr]     Checking encoding_rs v0.8.24
[INFO] [stderr]     Checking iovec v0.1.4
[INFO] [stderr]     Checking net2 v0.2.35
[INFO] [stderr]     Checking time v0.1.44
[INFO] [stderr]     Checking getrandom v0.1.15
[INFO] [stderr]     Checking socket2 v0.3.15
[INFO] [stderr]     Checking num_cpus v1.13.0
[INFO] [stderr]     Checking atty v0.2.14
[INFO] [stderr]     Checking clap v2.33.3
[INFO] [stderr]    Compiling cast v0.2.3
[INFO] [stderr]     Checking want v0.3.0
[INFO] [stderr]     Checking colored v1.9.3
[INFO] [stderr]     Checking rand_core v0.5.1
[INFO] [stderr]     Checking aho-corasick v0.7.13
[INFO] [stderr]     Checking csv-core v0.1.10
[INFO] [stderr]    Compiling unicase v2.6.0
[INFO] [stderr]    Compiling proc-macro-error-attr v1.0.4
[INFO] [stderr]    Compiling proc-macro-error v1.0.4
[INFO] [stderr]     Checking tracing v0.1.19
[INFO] [stderr]     Checking mio v0.6.22
[INFO] [stderr]    Compiling crossbeam-utils v0.7.2
[INFO] [stderr]    Compiling memoffset v0.5.5
[INFO] [stderr]    Compiling num-traits v0.2.12
[INFO] [stderr]    Compiling indexmap v1.6.0
[INFO] [stderr]    Compiling crossbeam-epoch v0.8.2
[INFO] [stderr]    Compiling num-integer v0.1.43
[INFO] [stderr]    Compiling rayon v1.4.0
[INFO] [stderr]     Checking rand_chacha v0.2.2
[INFO] [stderr]    Compiling openssl-sys v0.9.58
[INFO] [stderr]     Checking regex-automata v0.1.9
[INFO] [stderr]    Compiling quote v1.0.7
[INFO] [stderr]     Checking rand v0.7.3
[INFO] [stderr]     Checking tokio v0.2.22
[INFO] [stderr]     Checking criterion-plot v0.4.3
[INFO] [stderr]    Compiling syn v1.0.40
[INFO] [stderr]    Compiling mime_guess v2.0.3
[INFO] [stderr]     Checking crossbeam-channel v0.4.4
[INFO] [stderr]    Compiling openssl v0.10.30
[INFO] [stderr]    Compiling native-tls v0.2.4
[INFO] [stderr]     Checking crossbeam-deque v0.7.3
[INFO] [stderr]     Checking plotters v0.2.15
[INFO] [stderr]     Checking http-body v0.3.1
[INFO] [stderr]     Checking regex v1.3.9
[INFO] [stderr]     Checking tokio-util v0.3.1
[INFO] [stderr]     Checking tokio-tls v0.3.1
[INFO] [stderr]    Compiling serde_derive v1.0.116
[INFO] [stderr]    Compiling pin-project-internal v0.4.23
[INFO] [stderr]    Compiling extend v0.1.2
[INFO] [stderr]    Compiling async-trait v0.1.40
[INFO] [stderr]     Checking pin-project v0.4.23
[INFO] [stderr]     Checking futures-util v0.3.5
[INFO] [stderr]     Checking h2 v0.2.6
[INFO] [stderr]     Checking serde_urlencoded v0.6.1
[INFO] [stderr]     Checking bstr v0.2.13
[INFO] [stderr]     Checking serde_cbor v0.11.1
[INFO] [stderr]     Checking chrono v0.4.15
[INFO] [stderr]     Checking hyper v0.13.7
[INFO] [stderr]     Checking csv v1.1.3
[INFO] [stderr]     Checking tinytemplate v1.1.0
[INFO] [stderr]     Checking assert-json-diff v1.1.0
[INFO] [stderr]     Checking mockito v0.23.3
[INFO] [stderr]     Checking criterion v0.3.3
[INFO] [stderr]     Checking hyper-tls v0.4.3
[INFO] [stderr]     Checking reqwest v0.10.8
[INFO] [stderr]     Checking imagevault v0.1.10 (/opt/rustwide/workdir)
[INFO] [stdout] error[E0583]: file not found for module `testutil`
[INFO] [stdout]   --> src/lib.rs:44:1
[INFO] [stdout]    |
[INFO] [stdout] 44 | mod testutil;
[INFO] [stdout]    | ^^^^^^^^^^^^^
[INFO] [stdout]    |
[INFO] [stdout]    = help: to create the module `testutil`, create file "src/testutil.rs"
[INFO] [stdout] 
[INFO] [stdout] 
[INFO] [stdout] error[E0432]: unresolved import `crate::testutil::get_test_data`
[INFO] [stdout]    --> src/authentication/client_credentials.rs:117:9
[INFO] [stdout]     |
[INFO] [stdout] 117 |     use crate::testutil::get_test_data;
[INFO] [stdout]     |         ^^^^^^^^^^^^^^^^^^^^^^^^^^^^^^ no `get_test_data` in `testutil`
[INFO] [stdout] 
[INFO] [stdout] 
[INFO] [stdout] error[E0432]: unresolved import `crate::testutil::get_test_data`
[INFO] [stdout]    --> src/authentication/pin_code.rs:197:9
[INFO] [stdout]     |
[INFO] [stdout] 197 |     use crate::testutil::get_test_data;
[INFO] [stdout]     |         ^^^^^^^^^^^^^^^^^^^^^^^^^^^^^^ no `get_test_data` in `testutil`
[INFO] [stdout] 
[INFO] [stdout] 
[INFO] [stdout] error[E0432]: unresolved import `crate::testutil::get_test_data`
[INFO] [stdout]   --> src/service/assets/info.rs:70:9
[INFO] [stdout]    |
[INFO] [stdout] 70 |     use crate::testutil::get_test_data;
[INFO] [stdout]    |         ^^^^^^^^^^^^^^^^^^^^^^^^^^^^^^ no `get_test_data` in `testutil`
[INFO] [stdout] 
[INFO] [stdout] 
[INFO] [stdout] error[E0432]: unresolved import `crate::testutil::get_test_data`
[INFO] [stdout]    --> src/service/assets/search.rs:192:9
[INFO] [stdout]     |
[INFO] [stdout] 192 |     use crate::testutil::get_test_data;
[INFO] [stdout]     |         ^^^^^^^^^^^^^^^^^^^^^^^^^^^^^^ no `get_test_data` in `testutil`
[INFO] [stdout] 
[INFO] [stdout] 
[INFO] [stdout] error[E0432]: unresolved import `crate::testutil::get_test_data`
[INFO] [stdout]   --> src/service/category_service/get_categories.rs:75:9
[INFO] [stdout]    |
[INFO] [stdout] 75 |     use crate::testutil::get_test_data;
[INFO] [stdout]    |         ^^^^^^^^^^^^^^^^^^^^^^^^^^^^^^ no `get_test_data` in `testutil`
[INFO] [stdout] 
[INFO] [stdout] 
[INFO] [stdout] error[E0432]: unresolved import `crate::testutil::get_test_data`
[INFO] [stdout]   --> src/service/info/version.rs:51:9
[INFO] [stdout]    |
[INFO] [stdout] 51 |     use crate::testutil::get_test_data;
[INFO] [stdout]    |         ^^^^^^^^^^^^^^^^^^^^^^^^^^^^^^ no `get_test_data` in `testutil`
[INFO] [stdout] 
[INFO] [stdout] 
[INFO] [stdout] error[E0432]: unresolved import `crate::testutil::get_test_data`
[INFO] [stdout]    --> src/service/upload_service/upload.rs:168:9
[INFO] [stdout]     |
[INFO] [stdout] 168 |     use crate::testutil::get_test_data;
[INFO] [stdout]     |         ^^^^^^^^^^^^^^^^^^^^^^^^^^^^^^ no `get_test_data` in `testutil`
[INFO] [stdout] 
[INFO] [stdout] 
[INFO] [stdout] error[E0425]: cannot find function `get_test_data` in module `testutil`
[INFO] [stdout]    --> src/service/media_content_service/store_content_in_vault.rs:212:38
[INFO] [stdout]     |
[INFO] [stdout] 212 |                 .with_body(testutil::get_test_data("store_content_in_vault_response"))
[INFO] [stdout]     |                                      ^^^^^^^^^^^^^ not found in `testutil`
[INFO] [stdout] 
[INFO] [stdout] 
[INFO] [stdout] error[E0425]: cannot find function `get_test_data` in module `testutil`
[INFO] [stdout]    --> src/service/media_content_service/store_content_in_vault.rs:238:38
[INFO] [stdout]     |
[INFO] [stdout] 238 |                 .with_body(testutil::get_test_data("store_content_in_vault_response"))
[INFO] [stdout]     |                                      ^^^^^^^^^^^^^ not found in `testutil`
[INFO] [stdout] 
[INFO] [stdout] 
[INFO] [stdout] error[E0425]: cannot find function `get_jpg_test_image_path` in module `testutil`
[INFO] [stdout]    --> src/service/media_content_service/store_content_in_vault.rs:246:28
[INFO] [stdout]     |
[INFO] [stdout] 246 |                 &testutil::get_jpg_test_image_path(),
[INFO] [stdout]     |                            ^^^^^^^^^^^^^^^^^^^^^^^ not found in `testutil`
[INFO] [stdout] 
[INFO] [stdout] 
[INFO] [stdout] error[E0425]: cannot find function `get_gif_test_image_path` in module `testutil`
[INFO] [stdout]    --> src/service/upload_service/upload.rs:210:38
[INFO] [stdout]     |
[INFO] [stdout] 210 |             let gif_path = testutil::get_gif_test_image_path();
[INFO] [stdout]     |                                      ^^^^^^^^^^^^^^^^^^^^^^^ not found in `testutil`
[INFO] [stdout] 
[INFO] [stdout] 
[INFO] [stdout] error: aborting due to 12 previous errors
[INFO] [stdout] 
[INFO] [stdout] 
[INFO] [stdout] Some errors have detailed explanations: E0425, E0432, E0583.
[INFO] [stdout] 
[INFO] [stdout] For more information about an error, try `rustc --explain E0425`.
[INFO] [stdout] 
[INFO] [stderr] error: could not compile `imagevault`.
[INFO] [stderr] 
[INFO] [stderr] To learn more, run the command again with --verbose.
[INFO] [stderr] warning: build failed, waiting for other jobs to finish...
[INFO] [stderr] error: build failed
[INFO] running `Command { std: "docker" "inspect" "0faaec6fef649119096352375488f25e12ad91181fcc86bb36f9c9c23fc22bb5", kill_on_drop: false }`
[INFO] running `Command { std: "docker" "rm" "-f" "0faaec6fef649119096352375488f25e12ad91181fcc86bb36f9c9c23fc22bb5", kill_on_drop: false }`
[INFO] [stdout] 0faaec6fef649119096352375488f25e12ad91181fcc86bb36f9c9c23fc22bb5
